{"id":520,"date":"2016-09-03T18:19:33","date_gmt":"2016-09-03T17:19:33","guid":{"rendered":"http:\/\/imagerie78.com\/?page_id=520"},"modified":"2025-10-27T20:37:49","modified_gmt":"2025-10-27T19:37:49","slug":"scanner-images-en-coupe-du-corps-humain","status":"publish","type":"page","link":"https:\/\/imagerie78.com\/index.php\/nos-examens\/scanner-images-en-coupe-du-corps-humain\/","title":{"rendered":"Scanner"},"content":{"rendered":"\n<h2 class=\"wp-block-heading\"><figure><img loading=\"lazy\" decoding=\"async\" class=\"size-medium wp-image-16 alignright\" src=\"http:\/\/imagerie78.com\/wp-content\/uploads\/2016\/08\/Examen-Scanner-300x261.jpg\" alt=\"Examen - Scanner\" width=\"300\" height=\"261\" srcset=\"https:\/\/imagerie78.com\/wp-content\/uploads\/2016\/08\/Examen-Scanner-300x261.jpg 300w, https:\/\/imagerie78.com\/wp-content\/uploads\/2016\/08\/Examen-Scanner.jpg 689w\" sizes=\"auto, (max-width: 300px) 100vw, 300px\" \/><\/figure>De quoi s\u2019agit-il ?<\/h2>\n\n\n\n<p>Cet appareil permet de faire des images en coupe du corps humain. Les renseignements apport\u00e9s par cet examen sont tr\u00e8s souvent d\u00e9terminants pour porter un diagnostic pr\u00e9cis.<br>Le scanner utilise des rayons X. En mati\u00e8re d\u2019irradiation des patients, rien n\u2019a pu \u00eatre d\u00e9montr\u00e9 dans ce domaine compte tenu des faibles doses utilis\u00e9es et des pr\u00e9cautions prises pour limiter au strict minimum la zone examin\u00e9e. Toutefois, des pr\u00e9cautions concernant les femmes enceintes doivent \u00eatre prises syst\u00e9matiquement. C\u2019est pourquoi il est important de signaler si vous pouvez \u00eatre dans ce cas.<\/p>\n\n\n\n<h2 class=\"wp-block-heading\">Le d\u00e9roulement de l\u2019examen<\/h2>\n\n\n\n<p>Vous serez allong\u00e9 sur un lit qui se d\u00e9place dans un large anneau, le plus souvent sur le dos et seul dans la salle d\u2019examen ; nous pourrons communiquer avec vous gr\u00e2ce \u00e0 un micro. L\u2019\u00e9quipe se trouve tout pr\u00e8s de vous, derri\u00e8re une vitre. Elle vous voit et vous entend, pendant tout l\u2019examen. Si cela \u00e9tait n\u00e9cessaire, elle peut intervenir \u00e0 tout instant.<\/p>\n\n\n\n<p>Selon la zone \u00e9tudi\u00e9e, vos bras seront le long du corps ou derri\u00e8re la t\u00eate. L\u2019examen est g\u00e9n\u00e9ralement rapide. Votre coop\u00e9ration est importante : vous devez essayer de rester immobile ; dans certains cas, nous vous dirons, \u00e0 l\u2019aide du micro, quand arr\u00eater de respirer pour quelques secondes.<br>Vous resterez en moyenne 15 minutes dans la salle du scanner.<br>Certains examens n\u00e9cessitent, selon les cas, une injection intraveineuse, le plus souvent au pli du coude, de boire une boisson ou d\u2019avoir un lavement.<\/p>\n\n\n\n<figure class=\"wp-block-gallery has-nested-images columns-3 is-cropped wp-block-gallery-2 is-layout-flex wp-block-gallery-is-layout-flex\">\n<figure class=\"wp-block-image size-large\"><a href=\"https:\/\/imagerie78.com\/wp-content\/uploads\/2019\/10\/Photo-REVO-64-table-close-up.jpg\"><img loading=\"lazy\" decoding=\"async\" width=\"1024\" height=\"724\" data-id=\"2197\" src=\"https:\/\/imagerie78.com\/wp-content\/uploads\/2019\/10\/Photo-REVO-64-table-close-up-1024x724.jpg\" alt=\"Scanner de Maurepas\" class=\"wp-image-2197\" srcset=\"https:\/\/imagerie78.com\/wp-content\/uploads\/2019\/10\/Photo-REVO-64-table-close-up-1024x724.jpg 1024w, https:\/\/imagerie78.com\/wp-content\/uploads\/2019\/10\/Photo-REVO-64-table-close-up-300x212.jpg 300w, https:\/\/imagerie78.com\/wp-content\/uploads\/2019\/10\/Photo-REVO-64-table-close-up-768x543.jpg 768w, https:\/\/imagerie78.com\/wp-content\/uploads\/2019\/10\/Photo-REVO-64-table-close-up-830x587.jpg 830w, https:\/\/imagerie78.com\/wp-content\/uploads\/2019\/10\/Photo-REVO-64-table-close-up-230x163.jpg 230w, https:\/\/imagerie78.com\/wp-content\/uploads\/2019\/10\/Photo-REVO-64-table-close-up-350x248.jpg 350w, https:\/\/imagerie78.com\/wp-content\/uploads\/2019\/10\/Photo-REVO-64-table-close-up-480x340.jpg 480w\" sizes=\"auto, (max-width: 1024px) 100vw, 1024px\" \/><\/a><\/figure>\n\n\n\n<figure class=\"wp-block-image size-large\"><a href=\"https:\/\/imagerie78.com\/wp-content\/uploads\/2019\/10\/Photo-REVO-64-right-angle-top-down.jpg\"><img loading=\"lazy\" decoding=\"async\" width=\"1024\" height=\"724\" data-id=\"2196\" src=\"https:\/\/imagerie78.com\/wp-content\/uploads\/2019\/10\/Photo-REVO-64-right-angle-top-down-1024x724.jpg\" alt=\"Scanner de Maurepas\" class=\"wp-image-2196\" srcset=\"https:\/\/imagerie78.com\/wp-content\/uploads\/2019\/10\/Photo-REVO-64-right-angle-top-down-1024x724.jpg 1024w, https:\/\/imagerie78.com\/wp-content\/uploads\/2019\/10\/Photo-REVO-64-right-angle-top-down-300x212.jpg 300w, https:\/\/imagerie78.com\/wp-content\/uploads\/2019\/10\/Photo-REVO-64-right-angle-top-down-768x543.jpg 768w, https:\/\/imagerie78.com\/wp-content\/uploads\/2019\/10\/Photo-REVO-64-right-angle-top-down-830x587.jpg 830w, https:\/\/imagerie78.com\/wp-content\/uploads\/2019\/10\/Photo-REVO-64-right-angle-top-down-230x163.jpg 230w, https:\/\/imagerie78.com\/wp-content\/uploads\/2019\/10\/Photo-REVO-64-right-angle-top-down-350x248.jpg 350w, https:\/\/imagerie78.com\/wp-content\/uploads\/2019\/10\/Photo-REVO-64-right-angle-top-down-480x340.jpg 480w\" sizes=\"auto, (max-width: 1024px) 100vw, 1024px\" \/><\/a><\/figure>\n\n\n\n<figure class=\"wp-block-image size-large\"><a href=\"https:\/\/imagerie78.com\/wp-content\/uploads\/2019\/10\/Photo-REVO-64-gantry-side-close-up.jpg\"><img loading=\"lazy\" decoding=\"async\" width=\"1024\" height=\"724\" data-id=\"2195\" src=\"https:\/\/imagerie78.com\/wp-content\/uploads\/2019\/10\/Photo-REVO-64-gantry-side-close-up-1024x724.jpg\" alt=\"Scanner de Maurepas\" class=\"wp-image-2195\" srcset=\"https:\/\/imagerie78.com\/wp-content\/uploads\/2019\/10\/Photo-REVO-64-gantry-side-close-up-1024x724.jpg 1024w, https:\/\/imagerie78.com\/wp-content\/uploads\/2019\/10\/Photo-REVO-64-gantry-side-close-up-300x212.jpg 300w, https:\/\/imagerie78.com\/wp-content\/uploads\/2019\/10\/Photo-REVO-64-gantry-side-close-up-768x543.jpg 768w, https:\/\/imagerie78.com\/wp-content\/uploads\/2019\/10\/Photo-REVO-64-gantry-side-close-up-830x587.jpg 830w, https:\/\/imagerie78.com\/wp-content\/uploads\/2019\/10\/Photo-REVO-64-gantry-side-close-up-230x163.jpg 230w, https:\/\/imagerie78.com\/wp-content\/uploads\/2019\/10\/Photo-REVO-64-gantry-side-close-up-350x248.jpg 350w, https:\/\/imagerie78.com\/wp-content\/uploads\/2019\/10\/Photo-REVO-64-gantry-side-close-up-480x340.jpg 480w\" sizes=\"auto, (max-width: 1024px) 100vw, 1024px\" \/><\/a><\/figure>\n\n\n\n<figure class=\"wp-block-image size-large\"><a href=\"https:\/\/imagerie78.com\/wp-content\/uploads\/2019\/10\/Photo-REVO-64-gantry-no-table-straight-on.jpg\"><img loading=\"lazy\" decoding=\"async\" width=\"1024\" height=\"724\" data-id=\"2194\" src=\"https:\/\/imagerie78.com\/wp-content\/uploads\/2019\/10\/Photo-REVO-64-gantry-no-table-straight-on-1024x724.jpg\" alt=\"Scanner de Maurepas\" class=\"wp-image-2194\" srcset=\"https:\/\/imagerie78.com\/wp-content\/uploads\/2019\/10\/Photo-REVO-64-gantry-no-table-straight-on-1024x724.jpg 1024w, https:\/\/imagerie78.com\/wp-content\/uploads\/2019\/10\/Photo-REVO-64-gantry-no-table-straight-on-300x212.jpg 300w, https:\/\/imagerie78.com\/wp-content\/uploads\/2019\/10\/Photo-REVO-64-gantry-no-table-straight-on-768x543.jpg 768w, https:\/\/imagerie78.com\/wp-content\/uploads\/2019\/10\/Photo-REVO-64-gantry-no-table-straight-on-830x587.jpg 830w, https:\/\/imagerie78.com\/wp-content\/uploads\/2019\/10\/Photo-REVO-64-gantry-no-table-straight-on-230x163.jpg 230w, https:\/\/imagerie78.com\/wp-content\/uploads\/2019\/10\/Photo-REVO-64-gantry-no-table-straight-on-350x248.jpg 350w, https:\/\/imagerie78.com\/wp-content\/uploads\/2019\/10\/Photo-REVO-64-gantry-no-table-straight-on-480x340.jpg 480w\" sizes=\"auto, (max-width: 1024px) 100vw, 1024px\" \/><\/a><\/figure>\n\n\n\n<figure class=\"wp-block-image size-large\"><a href=\"https:\/\/imagerie78.com\/wp-content\/uploads\/2019\/10\/Photo-REVO-64-close-up.jpg\"><img loading=\"lazy\" decoding=\"async\" width=\"1024\" height=\"724\" data-id=\"2193\" src=\"https:\/\/imagerie78.com\/wp-content\/uploads\/2019\/10\/Photo-REVO-64-close-up-1024x724.jpg\" alt=\"Scanner de Maurepas\" class=\"wp-image-2193\" srcset=\"https:\/\/imagerie78.com\/wp-content\/uploads\/2019\/10\/Photo-REVO-64-close-up-1024x724.jpg 1024w, https:\/\/imagerie78.com\/wp-content\/uploads\/2019\/10\/Photo-REVO-64-close-up-300x212.jpg 300w, https:\/\/imagerie78.com\/wp-content\/uploads\/2019\/10\/Photo-REVO-64-close-up-768x543.jpg 768w, https:\/\/imagerie78.com\/wp-content\/uploads\/2019\/10\/Photo-REVO-64-close-up-830x587.jpg 830w, https:\/\/imagerie78.com\/wp-content\/uploads\/2019\/10\/Photo-REVO-64-close-up-230x163.jpg 230w, https:\/\/imagerie78.com\/wp-content\/uploads\/2019\/10\/Photo-REVO-64-close-up-350x248.jpg 350w, https:\/\/imagerie78.com\/wp-content\/uploads\/2019\/10\/Photo-REVO-64-close-up-480x340.jpg 480w\" sizes=\"auto, (max-width: 1024px) 100vw, 1024px\" \/><\/a><\/figure>\n<\/figure>\n","protected":false},"excerpt":{"rendered":"<p>De quoi s\u2019agit-il ? Cet appareil permet de faire des [&hellip;]<\/p>\n","protected":false},"author":2,"featured_media":16,"parent":548,"menu_order":0,"comment_status":"closed","ping_status":"closed","template":"page-templates\/page_fullwidth.php","meta":{"footnotes":""},"class_list":["post-520","page","type-page","status-publish","has-post-thumbnail","hentry"],"yoast_head":"<!-- This site is optimized with the Yoast SEO plugin v27.5 - https:\/\/yoast.com\/product\/yoast-seo-wordpress\/ -->\n<title>Scanner - Imagerie m\u00e9dicale 78<\/title>\n<meta name=\"robots\" content=\"index, follow, max-snippet:-1, max-image-preview:large, max-video-preview:-1\" \/>\n<link rel=\"canonical\" href=\"https:\/\/imagerie78.com\/index.php\/nos-examens\/scanner-images-en-coupe-du-corps-humain\/\" \/>\n<meta property=\"og:locale\" content=\"fr_FR\" \/>\n<meta property=\"og:type\" content=\"article\" \/>\n<meta property=\"og:title\" content=\"Scanner - Imagerie m\u00e9dicale 78\" \/>\n<meta property=\"og:description\" content=\"De quoi s\u2019agit-il ? Cet appareil permet de faire des [&hellip;]\" \/>\n<meta property=\"og:url\" content=\"https:\/\/imagerie78.com\/index.php\/nos-examens\/scanner-images-en-coupe-du-corps-humain\/\" \/>\n<meta property=\"og:site_name\" content=\"Imagerie m\u00e9dicale 78\" \/>\n<meta property=\"article:modified_time\" content=\"2025-10-27T19:37:49+00:00\" \/>\n<meta property=\"og:image\" content=\"https:\/\/imagerie78.com\/wp-content\/uploads\/2016\/08\/Examen-Scanner.jpg\" \/>\n\t<meta property=\"og:image:width\" content=\"689\" \/>\n\t<meta property=\"og:image:height\" content=\"600\" \/>\n\t<meta property=\"og:image:type\" content=\"image\/jpeg\" \/>\n<meta name=\"twitter:card\" content=\"summary_large_image\" \/>\n<meta name=\"twitter:label1\" content=\"Dur\u00e9e de lecture estim\u00e9e\" \/>\n\t<meta name=\"twitter:data1\" content=\"3 minutes\" \/>\n<script type=\"application\/ld+json\" class=\"yoast-schema-graph\">{\"@context\":\"https:\\\/\\\/schema.org\",\"@graph\":[{\"@type\":\"WebPage\",\"@id\":\"https:\\\/\\\/imagerie78.com\\\/index.php\\\/nos-examens\\\/scanner-images-en-coupe-du-corps-humain\\\/\",\"url\":\"https:\\\/\\\/imagerie78.com\\\/index.php\\\/nos-examens\\\/scanner-images-en-coupe-du-corps-humain\\\/\",\"name\":\"Scanner - Imagerie m\u00e9dicale 78\",\"isPartOf\":{\"@id\":\"https:\\\/\\\/imagerie78.com\\\/#website\"},\"primaryImageOfPage\":{\"@id\":\"https:\\\/\\\/imagerie78.com\\\/index.php\\\/nos-examens\\\/scanner-images-en-coupe-du-corps-humain\\\/#primaryimage\"},\"image\":{\"@id\":\"https:\\\/\\\/imagerie78.com\\\/index.php\\\/nos-examens\\\/scanner-images-en-coupe-du-corps-humain\\\/#primaryimage\"},\"thumbnailUrl\":\"https:\\\/\\\/imagerie78.com\\\/wp-content\\\/uploads\\\/2016\\\/08\\\/Examen-Scanner.jpg\",\"datePublished\":\"2016-09-03T17:19:33+00:00\",\"dateModified\":\"2025-10-27T19:37:49+00:00\",\"breadcrumb\":{\"@id\":\"https:\\\/\\\/imagerie78.com\\\/index.php\\\/nos-examens\\\/scanner-images-en-coupe-du-corps-humain\\\/#breadcrumb\"},\"inLanguage\":\"fr-FR\",\"potentialAction\":[{\"@type\":\"ReadAction\",\"target\":[\"https:\\\/\\\/imagerie78.com\\\/index.php\\\/nos-examens\\\/scanner-images-en-coupe-du-corps-humain\\\/\"]}]},{\"@type\":\"ImageObject\",\"inLanguage\":\"fr-FR\",\"@id\":\"https:\\\/\\\/imagerie78.com\\\/index.php\\\/nos-examens\\\/scanner-images-en-coupe-du-corps-humain\\\/#primaryimage\",\"url\":\"https:\\\/\\\/imagerie78.com\\\/wp-content\\\/uploads\\\/2016\\\/08\\\/Examen-Scanner.jpg\",\"contentUrl\":\"https:\\\/\\\/imagerie78.com\\\/wp-content\\\/uploads\\\/2016\\\/08\\\/Examen-Scanner.jpg\",\"width\":689,\"height\":600},{\"@type\":\"BreadcrumbList\",\"@id\":\"https:\\\/\\\/imagerie78.com\\\/index.php\\\/nos-examens\\\/scanner-images-en-coupe-du-corps-humain\\\/#breadcrumb\",\"itemListElement\":[{\"@type\":\"ListItem\",\"position\":1,\"name\":\"Accueil\",\"item\":\"https:\\\/\\\/imagerie78.com\\\/\"},{\"@type\":\"ListItem\",\"position\":2,\"name\":\"Nos examens\",\"item\":\"https:\\\/\\\/imagerie78.com\\\/index.php\\\/nos-examens\\\/\"},{\"@type\":\"ListItem\",\"position\":3,\"name\":\"Scanner\"}]},{\"@type\":\"WebSite\",\"@id\":\"https:\\\/\\\/imagerie78.com\\\/#website\",\"url\":\"https:\\\/\\\/imagerie78.com\\\/\",\"name\":\"Imagerie m\u00e9dicale 78\",\"description\":\"\",\"potentialAction\":[{\"@type\":\"SearchAction\",\"target\":{\"@type\":\"EntryPoint\",\"urlTemplate\":\"https:\\\/\\\/imagerie78.com\\\/?s={search_term_string}\"},\"query-input\":{\"@type\":\"PropertyValueSpecification\",\"valueRequired\":true,\"valueName\":\"search_term_string\"}}],\"inLanguage\":\"fr-FR\"}]}<\/script>\n<!-- \/ Yoast SEO plugin. -->","yoast_head_json":{"title":"Scanner - Imagerie m\u00e9dicale 78","robots":{"index":"index","follow":"follow","max-snippet":"max-snippet:-1","max-image-preview":"max-image-preview:large","max-video-preview":"max-video-preview:-1"},"canonical":"https:\/\/imagerie78.com\/index.php\/nos-examens\/scanner-images-en-coupe-du-corps-humain\/","og_locale":"fr_FR","og_type":"article","og_title":"Scanner - Imagerie m\u00e9dicale 78","og_description":"De quoi s\u2019agit-il ? Cet appareil permet de faire des [&hellip;]","og_url":"https:\/\/imagerie78.com\/index.php\/nos-examens\/scanner-images-en-coupe-du-corps-humain\/","og_site_name":"Imagerie m\u00e9dicale 78","article_modified_time":"2025-10-27T19:37:49+00:00","og_image":[{"width":689,"height":600,"url":"https:\/\/imagerie78.com\/wp-content\/uploads\/2016\/08\/Examen-Scanner.jpg","type":"image\/jpeg"}],"twitter_card":"summary_large_image","twitter_misc":{"Dur\u00e9e de lecture estim\u00e9e":"3 minutes"},"schema":{"@context":"https:\/\/schema.org","@graph":[{"@type":"WebPage","@id":"https:\/\/imagerie78.com\/index.php\/nos-examens\/scanner-images-en-coupe-du-corps-humain\/","url":"https:\/\/imagerie78.com\/index.php\/nos-examens\/scanner-images-en-coupe-du-corps-humain\/","name":"Scanner - Imagerie m\u00e9dicale 78","isPartOf":{"@id":"https:\/\/imagerie78.com\/#website"},"primaryImageOfPage":{"@id":"https:\/\/imagerie78.com\/index.php\/nos-examens\/scanner-images-en-coupe-du-corps-humain\/#primaryimage"},"image":{"@id":"https:\/\/imagerie78.com\/index.php\/nos-examens\/scanner-images-en-coupe-du-corps-humain\/#primaryimage"},"thumbnailUrl":"https:\/\/imagerie78.com\/wp-content\/uploads\/2016\/08\/Examen-Scanner.jpg","datePublished":"2016-09-03T17:19:33+00:00","dateModified":"2025-10-27T19:37:49+00:00","breadcrumb":{"@id":"https:\/\/imagerie78.com\/index.php\/nos-examens\/scanner-images-en-coupe-du-corps-humain\/#breadcrumb"},"inLanguage":"fr-FR","potentialAction":[{"@type":"ReadAction","target":["https:\/\/imagerie78.com\/index.php\/nos-examens\/scanner-images-en-coupe-du-corps-humain\/"]}]},{"@type":"ImageObject","inLanguage":"fr-FR","@id":"https:\/\/imagerie78.com\/index.php\/nos-examens\/scanner-images-en-coupe-du-corps-humain\/#primaryimage","url":"https:\/\/imagerie78.com\/wp-content\/uploads\/2016\/08\/Examen-Scanner.jpg","contentUrl":"https:\/\/imagerie78.com\/wp-content\/uploads\/2016\/08\/Examen-Scanner.jpg","width":689,"height":600},{"@type":"BreadcrumbList","@id":"https:\/\/imagerie78.com\/index.php\/nos-examens\/scanner-images-en-coupe-du-corps-humain\/#breadcrumb","itemListElement":[{"@type":"ListItem","position":1,"name":"Accueil","item":"https:\/\/imagerie78.com\/"},{"@type":"ListItem","position":2,"name":"Nos examens","item":"https:\/\/imagerie78.com\/index.php\/nos-examens\/"},{"@type":"ListItem","position":3,"name":"Scanner"}]},{"@type":"WebSite","@id":"https:\/\/imagerie78.com\/#website","url":"https:\/\/imagerie78.com\/","name":"Imagerie m\u00e9dicale 78","description":"","potentialAction":[{"@type":"SearchAction","target":{"@type":"EntryPoint","urlTemplate":"https:\/\/imagerie78.com\/?s={search_term_string}"},"query-input":{"@type":"PropertyValueSpecification","valueRequired":true,"valueName":"search_term_string"}}],"inLanguage":"fr-FR"}]}},"_links":{"self":[{"href":"https:\/\/imagerie78.com\/index.php\/wp-json\/wp\/v2\/pages\/520","targetHints":{"allow":["GET"]}}],"collection":[{"href":"https:\/\/imagerie78.com\/index.php\/wp-json\/wp\/v2\/pages"}],"about":[{"href":"https:\/\/imagerie78.com\/index.php\/wp-json\/wp\/v2\/types\/page"}],"author":[{"embeddable":true,"href":"https:\/\/imagerie78.com\/index.php\/wp-json\/wp\/v2\/users\/2"}],"replies":[{"embeddable":true,"href":"https:\/\/imagerie78.com\/index.php\/wp-json\/wp\/v2\/comments?post=520"}],"version-history":[{"count":7,"href":"https:\/\/imagerie78.com\/index.php\/wp-json\/wp\/v2\/pages\/520\/revisions"}],"predecessor-version":[{"id":3512,"href":"https:\/\/imagerie78.com\/index.php\/wp-json\/wp\/v2\/pages\/520\/revisions\/3512"}],"up":[{"embeddable":true,"href":"https:\/\/imagerie78.com\/index.php\/wp-json\/wp\/v2\/pages\/548"}],"wp:featuredmedia":[{"embeddable":true,"href":"https:\/\/imagerie78.com\/index.php\/wp-json\/wp\/v2\/media\/16"}],"wp:attachment":[{"href":"https:\/\/imagerie78.com\/index.php\/wp-json\/wp\/v2\/media?parent=520"}],"curies":[{"name":"wp","href":"https:\/\/api.w.org\/{rel}","templated":true}]}}