{"id":2661,"date":"2022-12-07T19:54:16","date_gmt":"2022-12-07T18:54:16","guid":{"rendered":"https:\/\/imagerie78.com\/?page_id=2661"},"modified":"2026-03-05T20:16:58","modified_gmt":"2026-03-05T19:16:58","slug":"radiologie-interventionnelle","status":"publish","type":"page","link":"https:\/\/imagerie78.com\/index.php\/nos-examens\/radiologie-interventionnelle\/","title":{"rendered":"Radiologie interventionnelle"},"content":{"rendered":"\n<p>La radiologie interventionnelle permet de guider de nombreux gestes.<\/p>\n\n\n\n<p>Le guidage peut-etre r\u00e9alis\u00e9 sous scopie (radiologie standard), sous \u00e9chographie, sous scanner voir sous IRM.<br>Il peut s&rsquo;agir de gestes th\u00e9rapeutiques visant \u00e0 supprimer ou r\u00e9duire la douleur.<\/p>\n\n\n\n<p>Nous travaillons en effet avec les services de traitement de la douleur, les services d&rsquo;orthop\u00e9die, de neurochirurgie, les rhumatologues hospitaliers et lib\u00e9raux et avec l&rsquo;ensemble du r\u00e9seau de soin de ville (g\u00e9n\u00e9ralistes, m\u00e9decins du sport, kin\u00e9s, \u2026<\/p>\n\n\n\n<p>Il peut s&rsquo;agir aussi de ponctions \u00e9vacuatrices par exemple \u00e9vacuation d&rsquo;un kyste ou d&rsquo;un h\u00e9matome.<\/p>\n\n\n\n<p>Nos sp\u00e9cialistes sont \u00e0 votre disposition :<\/p>\n\n\n\n<ul class=\"wp-block-list\">\n<li>Dr Sobotka (Maurepas)<\/li>\n\n\n\n<li>Dr Cabral (Plaisir)<\/li>\n\n\n\n<li>Dr Hassine (Montigny)<\/li>\n<\/ul>\n\n\n\n<hr class=\"wp-block-separator has-alpha-channel-opacity\"\/>\n\n\n\n<h2 class=\"wp-block-heading\">Les principaux gestes<\/h2>\n\n\n\n<h3 class=\"wp-block-heading\"><strong>Infiltrations p\u00e9riph\u00e9riques<\/strong><\/h3>\n\n\n\n<p>Il peut s&rsquo;agir d&rsquo;infiltrations d&rsquo;articulations ou de bourses.<\/p>\n\n\n\n<p>Par exemple pour l&rsquo;\u00e9paule (dans les tendinites ou l&rsquo;arthrose), pour le genou (arthrose, fissures m\u00e9niscales, \u2026), pour le pied (arthrose, tendinite, n\u00e9vrome de Morton, \u2026)<\/p>\n\n\n\n<p>Les indications sont extr\u00eamement vari\u00e9es.<\/p>\n\n\n\n<p>On pourra aussi citer des pathologies fr\u00e9quentes comme la capsulite r\u00e9tractile de l&rsquo;\u00e9paule, les triturations (\u00e9vacuations) de calcifications en particulier pour l&rsquo;\u00e9paule.<\/p>\n\n\n\n<p>Les doigts \u00e0 ressaut sont \u00e9galement facilement trait\u00e9es par infiltrations sous \u00e9chographie. Le syndrome du canal carpien peut aussi \u00eatre soulag\u00e9 par des infiltrations dans les formes mineures ne relevant pas de la chirurgie.<\/p>\n\n\n\n<p>La pubalgie du sportif peut etre trait\u00e9 par infiltrations au niveau de la symphyse pubienne.<\/p>\n\n\n\n<h3 class=\"wp-block-heading\">Infiltrations du rachis<\/h3>\n\n\n\n<p>Pour le rachis lombaire, l&rsquo;infiltration permet de r\u00e9duire la douleur en r\u00e9duisant l&rsquo;inflammation au niveau de la racine qui souffre, comprim\u00e9e par une hernie ou par de l&rsquo;arthrose. Les centres de Montigny, de Plaisir ou de Maurepas r\u00e9alisent ce geste tous les jours.<\/p>\n\n\n\n<p>Pour le rachis cervical, le Dr Sobotka \u00e0 Maurepas, r\u00e9alise ce geste pour traiter les n\u00e9vralgies cervico brachiales sous scanner.<\/p>\n\n\n\n<hr class=\"wp-block-separator has-alpha-channel-opacity\"\/>\n\n\n\n<figure class=\"wp-block-image alignleft size-full\"><img loading=\"lazy\" decoding=\"async\" width=\"619\" height=\"488\" src=\"https:\/\/imagerie78.com\/wp-content\/uploads\/2022\/12\/infiltration-infitlration-d-une-tendinite-de-De-Quervain-sous-echographie.png\" alt=\"\" class=\"wp-image-2856\" srcset=\"https:\/\/imagerie78.com\/wp-content\/uploads\/2022\/12\/infiltration-infitlration-d-une-tendinite-de-De-Quervain-sous-echographie.png 619w, https:\/\/imagerie78.com\/wp-content\/uploads\/2022\/12\/infiltration-infitlration-d-une-tendinite-de-De-Quervain-sous-echographie-300x237.png 300w, https:\/\/imagerie78.com\/wp-content\/uploads\/2022\/12\/infiltration-infitlration-d-une-tendinite-de-De-Quervain-sous-echographie-230x181.png 230w, https:\/\/imagerie78.com\/wp-content\/uploads\/2022\/12\/infiltration-infitlration-d-une-tendinite-de-De-Quervain-sous-echographie-350x276.png 350w, https:\/\/imagerie78.com\/wp-content\/uploads\/2022\/12\/infiltration-infitlration-d-une-tendinite-de-De-Quervain-sous-echographie-480x378.png 480w\" sizes=\"auto, (max-width: 619px) 100vw, 619px\" \/><figcaption class=\"wp-element-caption\">Infiltration d&rsquo;une tendinite de De Quervain sous \u00e9chographie<\/figcaption><\/figure>\n\n\n\n<figure class=\"wp-block-image size-large\"><img loading=\"lazy\" decoding=\"async\" width=\"1024\" height=\"419\" src=\"https:\/\/imagerie78.com\/wp-content\/uploads\/2022\/12\/infiltration-image-d-infiltration-du-coude-sous-echographie-1024x419.png\" alt=\"\" class=\"wp-image-2857\" srcset=\"https:\/\/imagerie78.com\/wp-content\/uploads\/2022\/12\/infiltration-image-d-infiltration-du-coude-sous-echographie-1024x419.png 1024w, https:\/\/imagerie78.com\/wp-content\/uploads\/2022\/12\/infiltration-image-d-infiltration-du-coude-sous-echographie-300x123.png 300w, https:\/\/imagerie78.com\/wp-content\/uploads\/2022\/12\/infiltration-image-d-infiltration-du-coude-sous-echographie-768x314.png 768w, https:\/\/imagerie78.com\/wp-content\/uploads\/2022\/12\/infiltration-image-d-infiltration-du-coude-sous-echographie-830x340.png 830w, https:\/\/imagerie78.com\/wp-content\/uploads\/2022\/12\/infiltration-image-d-infiltration-du-coude-sous-echographie-230x94.png 230w, https:\/\/imagerie78.com\/wp-content\/uploads\/2022\/12\/infiltration-image-d-infiltration-du-coude-sous-echographie-350x143.png 350w, https:\/\/imagerie78.com\/wp-content\/uploads\/2022\/12\/infiltration-image-d-infiltration-du-coude-sous-echographie-480x197.png 480w, https:\/\/imagerie78.com\/wp-content\/uploads\/2022\/12\/infiltration-image-d-infiltration-du-coude-sous-echographie.png 1280w\" sizes=\"auto, (max-width: 1024px) 100vw, 1024px\" \/><figcaption class=\"wp-element-caption\">infiltration du coude sous \u00e9chographie.<\/figcaption><\/figure>\n\n\n\n<figure class=\"wp-block-image size-large\"><img loading=\"lazy\" decoding=\"async\" width=\"1024\" height=\"562\" src=\"https:\/\/imagerie78.com\/wp-content\/uploads\/2022\/12\/infiltration-infiltration-epidurale-sous-controle-tomodensitometrique-1024x562.png\" alt=\"\" class=\"wp-image-2854\" srcset=\"https:\/\/imagerie78.com\/wp-content\/uploads\/2022\/12\/infiltration-infiltration-epidurale-sous-controle-tomodensitometrique-1024x562.png 1024w, https:\/\/imagerie78.com\/wp-content\/uploads\/2022\/12\/infiltration-infiltration-epidurale-sous-controle-tomodensitometrique-300x165.png 300w, https:\/\/imagerie78.com\/wp-content\/uploads\/2022\/12\/infiltration-infiltration-epidurale-sous-controle-tomodensitometrique-768x421.png 768w, https:\/\/imagerie78.com\/wp-content\/uploads\/2022\/12\/infiltration-infiltration-epidurale-sous-controle-tomodensitometrique-830x455.png 830w, https:\/\/imagerie78.com\/wp-content\/uploads\/2022\/12\/infiltration-infiltration-epidurale-sous-controle-tomodensitometrique-230x126.png 230w, https:\/\/imagerie78.com\/wp-content\/uploads\/2022\/12\/infiltration-infiltration-epidurale-sous-controle-tomodensitometrique-350x192.png 350w, https:\/\/imagerie78.com\/wp-content\/uploads\/2022\/12\/infiltration-infiltration-epidurale-sous-controle-tomodensitometrique-480x263.png 480w, https:\/\/imagerie78.com\/wp-content\/uploads\/2022\/12\/infiltration-infiltration-epidurale-sous-controle-tomodensitometrique.png 1254w\" sizes=\"auto, (max-width: 1024px) 100vw, 1024px\" \/><figcaption class=\"wp-element-caption\">infiltration \u00e9pidurale sous contr\u00f4le tomodensitom\u00e9trique<\/figcaption><\/figure>\n\n\n\n<figure class=\"wp-block-image size-full\"><img loading=\"lazy\" decoding=\"async\" width=\"539\" height=\"720\" src=\"https:\/\/imagerie78.com\/wp-content\/uploads\/2022\/12\/infiltration-infiltration-intra-discale-lombaire-sous-controle-radiologique.png\" alt=\"\" class=\"wp-image-2855\" srcset=\"https:\/\/imagerie78.com\/wp-content\/uploads\/2022\/12\/infiltration-infiltration-intra-discale-lombaire-sous-controle-radiologique.png 539w, https:\/\/imagerie78.com\/wp-content\/uploads\/2022\/12\/infiltration-infiltration-intra-discale-lombaire-sous-controle-radiologique-225x300.png 225w, https:\/\/imagerie78.com\/wp-content\/uploads\/2022\/12\/infiltration-infiltration-intra-discale-lombaire-sous-controle-radiologique-230x307.png 230w, https:\/\/imagerie78.com\/wp-content\/uploads\/2022\/12\/infiltration-infiltration-intra-discale-lombaire-sous-controle-radiologique-350x468.png 350w, https:\/\/imagerie78.com\/wp-content\/uploads\/2022\/12\/infiltration-infiltration-intra-discale-lombaire-sous-controle-radiologique-480x641.png 480w\" sizes=\"auto, (max-width: 539px) 100vw, 539px\" \/><figcaption class=\"wp-element-caption\">infiltration intra discale lombaire sous contr\u00f4le radiologique<\/figcaption><\/figure>\n\n\n\n<figure class=\"wp-block-image size-full\"><img loading=\"lazy\" decoding=\"async\" width=\"494\" height=\"562\" src=\"https:\/\/imagerie78.com\/wp-content\/uploads\/2022\/12\/infiltration-infiltration-du-rachis-cervical-sous-controle-tomodensitometrique.png\" alt=\"\" class=\"wp-image-2850\" srcset=\"https:\/\/imagerie78.com\/wp-content\/uploads\/2022\/12\/infiltration-infiltration-du-rachis-cervical-sous-controle-tomodensitometrique.png 494w, https:\/\/imagerie78.com\/wp-content\/uploads\/2022\/12\/infiltration-infiltration-du-rachis-cervical-sous-controle-tomodensitometrique-264x300.png 264w, https:\/\/imagerie78.com\/wp-content\/uploads\/2022\/12\/infiltration-infiltration-du-rachis-cervical-sous-controle-tomodensitometrique-230x262.png 230w, https:\/\/imagerie78.com\/wp-content\/uploads\/2022\/12\/infiltration-infiltration-du-rachis-cervical-sous-controle-tomodensitometrique-350x398.png 350w, https:\/\/imagerie78.com\/wp-content\/uploads\/2022\/12\/infiltration-infiltration-du-rachis-cervical-sous-controle-tomodensitometrique-480x546.png 480w\" sizes=\"auto, (max-width: 494px) 100vw, 494px\" \/><figcaption class=\"wp-element-caption\">infiltration du rachis cervical sous contr\u00f4le tomodensitom\u00e9trique<\/figcaption><\/figure>\n\n\n\n<figure class=\"wp-block-image size-full\"><img loading=\"lazy\" decoding=\"async\" width=\"401\" height=\"323\" src=\"https:\/\/imagerie78.com\/wp-content\/uploads\/2022\/12\/infiltration-injection-de-PRP-au-niveau-des-ischio-jambiers-chez-un-marathonien.png\" alt=\"\" class=\"wp-image-2851\" srcset=\"https:\/\/imagerie78.com\/wp-content\/uploads\/2022\/12\/infiltration-injection-de-PRP-au-niveau-des-ischio-jambiers-chez-un-marathonien.png 401w, https:\/\/imagerie78.com\/wp-content\/uploads\/2022\/12\/infiltration-injection-de-PRP-au-niveau-des-ischio-jambiers-chez-un-marathonien-300x242.png 300w, https:\/\/imagerie78.com\/wp-content\/uploads\/2022\/12\/infiltration-injection-de-PRP-au-niveau-des-ischio-jambiers-chez-un-marathonien-230x185.png 230w, https:\/\/imagerie78.com\/wp-content\/uploads\/2022\/12\/infiltration-injection-de-PRP-au-niveau-des-ischio-jambiers-chez-un-marathonien-350x282.png 350w\" sizes=\"auto, (max-width: 401px) 100vw, 401px\" \/><figcaption class=\"wp-element-caption\">injection de PRP au niveau des ischio jambiers chez un marathonien<\/figcaption><\/figure>\n\n\n\n<figure class=\"wp-block-image size-full\"><img loading=\"lazy\" decoding=\"async\" width=\"640\" height=\"429\" src=\"https:\/\/imagerie78.com\/wp-content\/uploads\/2022\/12\/infiltration-ponction-de-kyste-sous-echographie.png\" alt=\"\" class=\"wp-image-2852\" srcset=\"https:\/\/imagerie78.com\/wp-content\/uploads\/2022\/12\/infiltration-ponction-de-kyste-sous-echographie.png 640w, https:\/\/imagerie78.com\/wp-content\/uploads\/2022\/12\/infiltration-ponction-de-kyste-sous-echographie-300x201.png 300w, https:\/\/imagerie78.com\/wp-content\/uploads\/2022\/12\/infiltration-ponction-de-kyste-sous-echographie-230x154.png 230w, https:\/\/imagerie78.com\/wp-content\/uploads\/2022\/12\/infiltration-ponction-de-kyste-sous-echographie-350x235.png 350w, https:\/\/imagerie78.com\/wp-content\/uploads\/2022\/12\/infiltration-ponction-de-kyste-sous-echographie-480x322.png 480w, https:\/\/imagerie78.com\/wp-content\/uploads\/2022\/12\/infiltration-ponction-de-kyste-sous-echographie-272x182.png 272w\" sizes=\"auto, (max-width: 640px) 100vw, 640px\" \/><figcaption class=\"wp-element-caption\">ponction de kyste sous \u00e9chographie<\/figcaption><\/figure>\n\n\n\n<figure class=\"wp-block-image size-full\"><img loading=\"lazy\" decoding=\"async\" width=\"450\" height=\"539\" src=\"https:\/\/imagerie78.com\/wp-content\/uploads\/2022\/12\/infiltration-infiltration-articulaire-posterieure-sous-controle-radiologique.png\" alt=\"\" class=\"wp-image-2853\" srcset=\"https:\/\/imagerie78.com\/wp-content\/uploads\/2022\/12\/infiltration-infiltration-articulaire-posterieure-sous-controle-radiologique.png 450w, https:\/\/imagerie78.com\/wp-content\/uploads\/2022\/12\/infiltration-infiltration-articulaire-posterieure-sous-controle-radiologique-250x300.png 250w, https:\/\/imagerie78.com\/wp-content\/uploads\/2022\/12\/infiltration-infiltration-articulaire-posterieure-sous-controle-radiologique-230x275.png 230w, https:\/\/imagerie78.com\/wp-content\/uploads\/2022\/12\/infiltration-infiltration-articulaire-posterieure-sous-controle-radiologique-350x419.png 350w\" sizes=\"auto, (max-width: 450px) 100vw, 450px\" \/><figcaption class=\"wp-element-caption\">infiltration articulaire post\u00e9rieure sous contr\u00f4le radiologique<\/figcaption><\/figure>\n\n\n\n<figure class=\"wp-block-image size-full\"><img loading=\"lazy\" decoding=\"async\" width=\"442\" height=\"365\" src=\"https:\/\/imagerie78.com\/wp-content\/uploads\/2022\/12\/infiltration-traitement-d-un-doigt-a-ressaut-sous-echographie.png\" alt=\"\" class=\"wp-image-2849\" srcset=\"https:\/\/imagerie78.com\/wp-content\/uploads\/2022\/12\/infiltration-traitement-d-un-doigt-a-ressaut-sous-echographie.png 442w, https:\/\/imagerie78.com\/wp-content\/uploads\/2022\/12\/infiltration-traitement-d-un-doigt-a-ressaut-sous-echographie-300x248.png 300w, https:\/\/imagerie78.com\/wp-content\/uploads\/2022\/12\/infiltration-traitement-d-un-doigt-a-ressaut-sous-echographie-230x190.png 230w, https:\/\/imagerie78.com\/wp-content\/uploads\/2022\/12\/infiltration-traitement-d-un-doigt-a-ressaut-sous-echographie-350x289.png 350w\" sizes=\"auto, (max-width: 442px) 100vw, 442px\" \/><figcaption class=\"wp-element-caption\">traitement d&rsquo;un doigt a ressaut sous-\u00e9chographie<\/figcaption><\/figure>\n\n\n\n<figure class=\"wp-block-image size-full\"><img loading=\"lazy\" decoding=\"async\" width=\"304\" height=\"382\" src=\"https:\/\/imagerie78.com\/wp-content\/uploads\/2022\/12\/infiltration-infiltration-d-une-arthrose-radio-carpienne-sous-radio.png\" alt=\"\" class=\"wp-image-2847\" srcset=\"https:\/\/imagerie78.com\/wp-content\/uploads\/2022\/12\/infiltration-infiltration-d-une-arthrose-radio-carpienne-sous-radio.png 304w, https:\/\/imagerie78.com\/wp-content\/uploads\/2022\/12\/infiltration-infiltration-d-une-arthrose-radio-carpienne-sous-radio-239x300.png 239w, https:\/\/imagerie78.com\/wp-content\/uploads\/2022\/12\/infiltration-infiltration-d-une-arthrose-radio-carpienne-sous-radio-230x289.png 230w\" sizes=\"auto, (max-width: 304px) 100vw, 304px\" \/><figcaption class=\"wp-element-caption\">infiltration d&rsquo;une arthrose radio-carpienne-sous-radio<\/figcaption><\/figure>\n\n\n\n<figure class=\"wp-block-image size-full\"><img loading=\"lazy\" decoding=\"async\" width=\"370\" height=\"370\" src=\"https:\/\/imagerie78.com\/wp-content\/uploads\/2022\/12\/infiltration-evacuation-d-un-hematome-du-mollet-sous-echographie.png\" alt=\"\" class=\"wp-image-2848\" srcset=\"https:\/\/imagerie78.com\/wp-content\/uploads\/2022\/12\/infiltration-evacuation-d-un-hematome-du-mollet-sous-echographie.png 370w, https:\/\/imagerie78.com\/wp-content\/uploads\/2022\/12\/infiltration-evacuation-d-un-hematome-du-mollet-sous-echographie-300x300.png 300w, https:\/\/imagerie78.com\/wp-content\/uploads\/2022\/12\/infiltration-evacuation-d-un-hematome-du-mollet-sous-echographie-150x150.png 150w, https:\/\/imagerie78.com\/wp-content\/uploads\/2022\/12\/infiltration-evacuation-d-un-hematome-du-mollet-sous-echographie-230x230.png 230w, https:\/\/imagerie78.com\/wp-content\/uploads\/2022\/12\/infiltration-evacuation-d-un-hematome-du-mollet-sous-echographie-350x350.png 350w\" sizes=\"auto, (max-width: 370px) 100vw, 370px\" \/><figcaption class=\"wp-element-caption\">Evacuation d&rsquo;un h\u00e9matome du mollet sous \u00e9chographie<\/figcaption><\/figure>\n\n\n\n<figure class=\"wp-block-video\"><video height=\"320\" style=\"aspect-ratio: 568 \/ 320;\" width=\"568\" controls src=\"https:\/\/imagerie78.com\/wp-content\/uploads\/2022\/12\/Infiltrations-trituration.mov\"><\/video><\/figure>\n","protected":false},"excerpt":{"rendered":"<p>La radiologie interventionnelle permet de guider de nombreux gestes. Le [&hellip;]<\/p>\n","protected":false},"author":2,"featured_media":0,"parent":548,"menu_order":0,"comment_status":"closed","ping_status":"closed","template":"","meta":{"footnotes":""},"class_list":["post-2661","page","type-page","status-publish","hentry"],"yoast_head":"<!-- This site is optimized with the Yoast SEO plugin v27.5 - https:\/\/yoast.com\/product\/yoast-seo-wordpress\/ -->\n<title>Radiologie interventionnelle - Imagerie m\u00e9dicale 78<\/title>\n<meta name=\"robots\" content=\"index, follow, max-snippet:-1, max-image-preview:large, max-video-preview:-1\" \/>\n<link rel=\"canonical\" href=\"https:\/\/imagerie78.com\/index.php\/nos-examens\/radiologie-interventionnelle\/\" \/>\n<meta property=\"og:locale\" content=\"fr_FR\" \/>\n<meta property=\"og:type\" content=\"article\" \/>\n<meta property=\"og:title\" content=\"Radiologie interventionnelle - Imagerie m\u00e9dicale 78\" \/>\n<meta property=\"og:description\" content=\"La radiologie interventionnelle permet de guider de nombreux gestes. Le [&hellip;]\" \/>\n<meta property=\"og:url\" content=\"https:\/\/imagerie78.com\/index.php\/nos-examens\/radiologie-interventionnelle\/\" \/>\n<meta property=\"og:site_name\" content=\"Imagerie m\u00e9dicale 78\" \/>\n<meta property=\"article:modified_time\" content=\"2026-03-05T19:16:58+00:00\" \/>\n<meta property=\"og:image\" content=\"https:\/\/imagerie78.com\/wp-content\/uploads\/2022\/12\/infiltration-infitlration-d-une-tendinite-de-De-Quervain-sous-echographie.png\" \/>\n\t<meta property=\"og:image:width\" content=\"619\" \/>\n\t<meta property=\"og:image:height\" content=\"488\" \/>\n\t<meta property=\"og:image:type\" content=\"image\/png\" \/>\n<meta name=\"twitter:card\" content=\"summary_large_image\" \/>\n<meta name=\"twitter:label1\" content=\"Dur\u00e9e de lecture estim\u00e9e\" \/>\n\t<meta name=\"twitter:data1\" content=\"5 minutes\" \/>\n<script type=\"application\/ld+json\" class=\"yoast-schema-graph\">{\"@context\":\"https:\\\/\\\/schema.org\",\"@graph\":[{\"@type\":\"WebPage\",\"@id\":\"https:\\\/\\\/imagerie78.com\\\/index.php\\\/nos-examens\\\/radiologie-interventionnelle\\\/\",\"url\":\"https:\\\/\\\/imagerie78.com\\\/index.php\\\/nos-examens\\\/radiologie-interventionnelle\\\/\",\"name\":\"Radiologie interventionnelle - Imagerie m\u00e9dicale 78\",\"isPartOf\":{\"@id\":\"https:\\\/\\\/imagerie78.com\\\/#website\"},\"primaryImageOfPage\":{\"@id\":\"https:\\\/\\\/imagerie78.com\\\/index.php\\\/nos-examens\\\/radiologie-interventionnelle\\\/#primaryimage\"},\"image\":{\"@id\":\"https:\\\/\\\/imagerie78.com\\\/index.php\\\/nos-examens\\\/radiologie-interventionnelle\\\/#primaryimage\"},\"thumbnailUrl\":\"https:\\\/\\\/imagerie78.com\\\/wp-content\\\/uploads\\\/2022\\\/12\\\/infiltration-infitlration-d-une-tendinite-de-De-Quervain-sous-echographie.png\",\"datePublished\":\"2022-12-07T18:54:16+00:00\",\"dateModified\":\"2026-03-05T19:16:58+00:00\",\"breadcrumb\":{\"@id\":\"https:\\\/\\\/imagerie78.com\\\/index.php\\\/nos-examens\\\/radiologie-interventionnelle\\\/#breadcrumb\"},\"inLanguage\":\"fr-FR\",\"potentialAction\":[{\"@type\":\"ReadAction\",\"target\":[\"https:\\\/\\\/imagerie78.com\\\/index.php\\\/nos-examens\\\/radiologie-interventionnelle\\\/\"]}]},{\"@type\":\"ImageObject\",\"inLanguage\":\"fr-FR\",\"@id\":\"https:\\\/\\\/imagerie78.com\\\/index.php\\\/nos-examens\\\/radiologie-interventionnelle\\\/#primaryimage\",\"url\":\"https:\\\/\\\/imagerie78.com\\\/wp-content\\\/uploads\\\/2022\\\/12\\\/infiltration-infitlration-d-une-tendinite-de-De-Quervain-sous-echographie.png\",\"contentUrl\":\"https:\\\/\\\/imagerie78.com\\\/wp-content\\\/uploads\\\/2022\\\/12\\\/infiltration-infitlration-d-une-tendinite-de-De-Quervain-sous-echographie.png\",\"width\":619,\"height\":488,\"caption\":\"Infitlration d'une tendinite de De Quervain sous echographie\"},{\"@type\":\"BreadcrumbList\",\"@id\":\"https:\\\/\\\/imagerie78.com\\\/index.php\\\/nos-examens\\\/radiologie-interventionnelle\\\/#breadcrumb\",\"itemListElement\":[{\"@type\":\"ListItem\",\"position\":1,\"name\":\"Accueil\",\"item\":\"https:\\\/\\\/imagerie78.com\\\/\"},{\"@type\":\"ListItem\",\"position\":2,\"name\":\"Nos examens\",\"item\":\"https:\\\/\\\/imagerie78.com\\\/index.php\\\/nos-examens\\\/\"},{\"@type\":\"ListItem\",\"position\":3,\"name\":\"Radiologie interventionnelle\"}]},{\"@type\":\"WebSite\",\"@id\":\"https:\\\/\\\/imagerie78.com\\\/#website\",\"url\":\"https:\\\/\\\/imagerie78.com\\\/\",\"name\":\"Imagerie m\u00e9dicale 78\",\"description\":\"\",\"potentialAction\":[{\"@type\":\"SearchAction\",\"target\":{\"@type\":\"EntryPoint\",\"urlTemplate\":\"https:\\\/\\\/imagerie78.com\\\/?s={search_term_string}\"},\"query-input\":{\"@type\":\"PropertyValueSpecification\",\"valueRequired\":true,\"valueName\":\"search_term_string\"}}],\"inLanguage\":\"fr-FR\"}]}<\/script>\n<!-- \/ Yoast SEO plugin. -->","yoast_head_json":{"title":"Radiologie interventionnelle - Imagerie m\u00e9dicale 78","robots":{"index":"index","follow":"follow","max-snippet":"max-snippet:-1","max-image-preview":"max-image-preview:large","max-video-preview":"max-video-preview:-1"},"canonical":"https:\/\/imagerie78.com\/index.php\/nos-examens\/radiologie-interventionnelle\/","og_locale":"fr_FR","og_type":"article","og_title":"Radiologie interventionnelle - Imagerie m\u00e9dicale 78","og_description":"La radiologie interventionnelle permet de guider de nombreux gestes. Le [&hellip;]","og_url":"https:\/\/imagerie78.com\/index.php\/nos-examens\/radiologie-interventionnelle\/","og_site_name":"Imagerie m\u00e9dicale 78","article_modified_time":"2026-03-05T19:16:58+00:00","og_image":[{"width":619,"height":488,"url":"https:\/\/imagerie78.com\/wp-content\/uploads\/2022\/12\/infiltration-infitlration-d-une-tendinite-de-De-Quervain-sous-echographie.png","type":"image\/png"}],"twitter_card":"summary_large_image","twitter_misc":{"Dur\u00e9e de lecture estim\u00e9e":"5 minutes"},"schema":{"@context":"https:\/\/schema.org","@graph":[{"@type":"WebPage","@id":"https:\/\/imagerie78.com\/index.php\/nos-examens\/radiologie-interventionnelle\/","url":"https:\/\/imagerie78.com\/index.php\/nos-examens\/radiologie-interventionnelle\/","name":"Radiologie interventionnelle - Imagerie m\u00e9dicale 78","isPartOf":{"@id":"https:\/\/imagerie78.com\/#website"},"primaryImageOfPage":{"@id":"https:\/\/imagerie78.com\/index.php\/nos-examens\/radiologie-interventionnelle\/#primaryimage"},"image":{"@id":"https:\/\/imagerie78.com\/index.php\/nos-examens\/radiologie-interventionnelle\/#primaryimage"},"thumbnailUrl":"https:\/\/imagerie78.com\/wp-content\/uploads\/2022\/12\/infiltration-infitlration-d-une-tendinite-de-De-Quervain-sous-echographie.png","datePublished":"2022-12-07T18:54:16+00:00","dateModified":"2026-03-05T19:16:58+00:00","breadcrumb":{"@id":"https:\/\/imagerie78.com\/index.php\/nos-examens\/radiologie-interventionnelle\/#breadcrumb"},"inLanguage":"fr-FR","potentialAction":[{"@type":"ReadAction","target":["https:\/\/imagerie78.com\/index.php\/nos-examens\/radiologie-interventionnelle\/"]}]},{"@type":"ImageObject","inLanguage":"fr-FR","@id":"https:\/\/imagerie78.com\/index.php\/nos-examens\/radiologie-interventionnelle\/#primaryimage","url":"https:\/\/imagerie78.com\/wp-content\/uploads\/2022\/12\/infiltration-infitlration-d-une-tendinite-de-De-Quervain-sous-echographie.png","contentUrl":"https:\/\/imagerie78.com\/wp-content\/uploads\/2022\/12\/infiltration-infitlration-d-une-tendinite-de-De-Quervain-sous-echographie.png","width":619,"height":488,"caption":"Infitlration d'une tendinite de De Quervain sous echographie"},{"@type":"BreadcrumbList","@id":"https:\/\/imagerie78.com\/index.php\/nos-examens\/radiologie-interventionnelle\/#breadcrumb","itemListElement":[{"@type":"ListItem","position":1,"name":"Accueil","item":"https:\/\/imagerie78.com\/"},{"@type":"ListItem","position":2,"name":"Nos examens","item":"https:\/\/imagerie78.com\/index.php\/nos-examens\/"},{"@type":"ListItem","position":3,"name":"Radiologie interventionnelle"}]},{"@type":"WebSite","@id":"https:\/\/imagerie78.com\/#website","url":"https:\/\/imagerie78.com\/","name":"Imagerie m\u00e9dicale 78","description":"","potentialAction":[{"@type":"SearchAction","target":{"@type":"EntryPoint","urlTemplate":"https:\/\/imagerie78.com\/?s={search_term_string}"},"query-input":{"@type":"PropertyValueSpecification","valueRequired":true,"valueName":"search_term_string"}}],"inLanguage":"fr-FR"}]}},"_links":{"self":[{"href":"https:\/\/imagerie78.com\/index.php\/wp-json\/wp\/v2\/pages\/2661","targetHints":{"allow":["GET"]}}],"collection":[{"href":"https:\/\/imagerie78.com\/index.php\/wp-json\/wp\/v2\/pages"}],"about":[{"href":"https:\/\/imagerie78.com\/index.php\/wp-json\/wp\/v2\/types\/page"}],"author":[{"embeddable":true,"href":"https:\/\/imagerie78.com\/index.php\/wp-json\/wp\/v2\/users\/2"}],"replies":[{"embeddable":true,"href":"https:\/\/imagerie78.com\/index.php\/wp-json\/wp\/v2\/comments?post=2661"}],"version-history":[{"count":13,"href":"https:\/\/imagerie78.com\/index.php\/wp-json\/wp\/v2\/pages\/2661\/revisions"}],"predecessor-version":[{"id":3632,"href":"https:\/\/imagerie78.com\/index.php\/wp-json\/wp\/v2\/pages\/2661\/revisions\/3632"}],"up":[{"embeddable":true,"href":"https:\/\/imagerie78.com\/index.php\/wp-json\/wp\/v2\/pages\/548"}],"wp:attachment":[{"href":"https:\/\/imagerie78.com\/index.php\/wp-json\/wp\/v2\/media?parent=2661"}],"curies":[{"name":"wp","href":"https:\/\/api.w.org\/{rel}","templated":true}]}}