{"id":2611,"date":"2022-12-06T23:25:52","date_gmt":"2022-12-06T22:25:52","guid":{"rendered":"https:\/\/imagerie78.com\/?page_id=2611"},"modified":"2025-10-27T20:33:54","modified_gmt":"2025-10-27T19:33:54","slug":"irm-mammaire","status":"publish","type":"page","link":"https:\/\/imagerie78.com\/index.php\/nos-examens\/irm-mammaire\/","title":{"rendered":"IRM mammaire"},"content":{"rendered":"\n<p>Une IRM mammaire est un examen de seconde intention qui intervient pour compl\u00e9ter ou pr\u00e9ciser l\u2019exploration de certaines anomalies d\u00e9tect\u00e9es lors du bilan mammographique, \u00e9chographique voire en cas de discordance entre la clinique et le couple mammo-\u00e9cho.<\/p>\n\n\n\n<p>L\u2019IRM mammaire poss\u00e8de d\u2019excellentes performances diagnostiques et doit \u00eatre r\u00e9alis\u00e9e par des \u00e9quipes sp\u00e9cialis\u00e9es..<br>Ces performances ont \u00e9t\u00e9 valid\u00e9es par d\u2019innombrables \u00e9tudes tant pour ses capacit\u00e9s \u00e0 r\u00e9v\u00e9ler une l\u00e9sion (sensibilit\u00e9 sup\u00e9rieure \u00e0 90%) que pour ses capacit\u00e9s \u00e0 infirmer une anomalie suspect\u00e9e en mammographie (valeur pr\u00e9dictive n\u00e9gative proche de 100%). Une IRM normale permet d\u2019\u00e9carter l\u2019\u00e9ventualit\u00e9 d\u2019une l\u00e9sion suspecte.<\/p>\n\n\n\n<p>Malgr\u00e9 son caract\u00e8re non irradiant elle n\u2019est pas utilis\u00e9e en routine de d\u00e9pistage sauf pour les patientes \u00e0 haut risque ( porteuse d\u2019une mutation g\u00e9n\u00e9tique ou ayant de lourds ant\u00e9c\u00e9dents familiaux).<\/p>\n\n\n\n<h2 class=\"wp-block-heading\">DEROULEMENT<\/h2>\n\n\n\n<ul class=\"wp-block-list\">\n<li>le positionnement est une \u00e9tape fondamentale : une bonne technique passe par une immobilit\u00e9 absolue durant l\u2019examen<\/li>\n\n\n\n<li>vous serez install\u00e9e en d\u00e9cubitus ventral et les seins seront positionn\u00e9s dans une antenne mammaire d\u00e9di\u00e9e SANS compression<\/li>\n\n\n\n<li>La pose d\u2019une voie veineuse p\u00e9riph\u00e9rique avant de d\u00e9buter l\u2019examen est syst\u00e9matique pour l\u2019injection du produit de contraste gadolin\u00e9.<\/li>\n<\/ul>\n\n\n\n<h2 class=\"wp-block-heading\">DUREE<\/h2>\n\n\n\n<ul class=\"wp-block-list\">\n<li>L\u2019acquisition des images dure 20 minutes<\/li>\n\n\n\n<li>Comptez 1h30 de passage dans notre centre<\/li>\n<\/ul>\n\n\n\n<h2 class=\"wp-block-heading\">TECHNIQUE<\/h2>\n\n\n\n<p>L\u2019IRM mammaire se pratique dans des centres sp\u00e9cialis\u00e9s<br>Nos IRM mammaires sont r\u00e9alis\u00e9es sur une IRM haut champ 1,5Tesla Siemens Avanto Fit install\u00e9e en 2018 \u00e9quip\u00e9e d\u2019une antenne mammaire d\u00e9di\u00e9e<\/p>\n\n\n\n<p>Des s\u00e9quences morphologiques en coupes fines sont r\u00e9alis\u00e9es suivies de s\u00e9quences dynamiques apr\u00e8s injection de gadolinium avec un post traitement associant l\u2019analyse de s\u00e9quences de soustraction pour mieux d\u00e9tecter des rehaussements anormaux et des s\u00e9quences en MIP 3D.<br>La qualit\u00e9 du r\u00e9sultat est \u00e9troitement li\u00e9 \u00e0 la qualit\u00e9 des images acquises.<\/p>\n\n\n\n<h2 class=\"wp-block-heading\">CONTRE INDICATIONS<\/h2>\n\n\n\n<p>Les contres indications de l\u2019IRM sont essentiellement li\u00e9es aux champs magn\u00e9tiques utilis\u00e9s qui ne permettent pas l\u2019exposition des patients porteurs :<\/p>\n\n\n\n<ul class=\"wp-block-list\">\n<li>de stimulateurs cardiaques (pace maker , d\u00e9fibrillateur) , de neuro-stimulateurs, d\u2019implants cochl\u00e9aires<\/li>\n\n\n\n<li>d\u2019anciennes valves cardiaques m\u00e9talliques ( le mat\u00e9riel plus r\u00e9cent ne pr\u00e9sente pas de risque de dysfonctionnement )<\/li>\n\n\n\n<li>de corps \u00e9trangers m\u00e9talliques oculaires<\/li>\n<\/ul>\n\n\n\n<p>&#8211; Une allergie vraie au gadolinium est \u00e9galement une contre indication<br>&#8211; Durant la grossesse l\u2019injection de produit de contraste gadolin\u00e9 doit \u00e9galement \u00eatre proscrite.<\/p>\n\n\n\n<h2 class=\"wp-block-heading\">COMPLICATIONS<\/h2>\n\n\n\n<p>Allergie au produit de contraste gadolin\u00e9 : tr\u00e8s rare. Si une r\u00e9action allergique se produit elle ne rev\u00eat pas de caract\u00e8re de gravit\u00e9 dans la quasi-totalit\u00e9 des cas et consiste en une \u00e9ruption cutan\u00e9e de type urticaire r\u00e9solutive spontan\u00e9ment. Nous vous surveillons jusqu\u2019\u00e0 am\u00e9lioration des sympt\u00f4mes. Exceptionnellement une r\u00e9action allergique plus grave peut survenir : nous disposons du mat\u00e9riel d\u2019Urgence et en particulier de seringues d\u2019adr\u00e9naline pr\u00eates \u00e0 l\u2019emploi. Notre clinique dispose d\u2019un service de soins intensifs avec des cardiologues r\u00e9animateurs pr\u00eats \u00e0 intervenir dans des d\u00e9lais extr\u00eamement brefs.<\/p>\n\n\n\n<h2 class=\"wp-block-heading\">RESULTATS<\/h2>\n\n\n\n<ul class=\"wp-block-list\">\n<li>Des explications et un r\u00e9sultat oral vous sont communiqu\u00e9s devant la console d\u2019interpr\u00e9tation par le radiologue au d\u00e9cours de votre examen.<\/li>\n\n\n\n<li>Un compte rendu \u00e9crit vous est remis accompagn\u00e9 d\u2019un CD ROM et d\u2019images papiers; le compte rendu comportera une conclusion avec un classement BIRADS et une synth\u00e8se exposant clairement les r\u00e9sultats de l\u2019examen et la prise en charge \u00e9ventuelle.<\/li>\n\n\n\n<li>Un double est envoy\u00e9 au prescipteur.<\/li>\n\n\n\n<li>Au d\u00e9cours de l\u2019IRM mammaire des examens compl\u00e9mentaires peuvent \u00eatre prescrits tels qu\u2019une \u00e9chographie ou des clich\u00e9s mammographiques cibl\u00e9s sur une zone ayant attir\u00e9 l\u2019attention et pouvant conduire \u00e0 des pr\u00e9l\u00e8vements.<\/li>\n<\/ul>\n\n\n\n<h2 class=\"wp-block-heading\">PREPARATION<\/h2>\n\n\n\n<ul class=\"wp-block-list\">\n<li>L\u2019examen doit \u00eatre r\u00e9alis\u00e9 entre les 7\u00e8me et 12 \u00e8me jours apr\u00e8s le premier jour des r\u00e8gles pour limiter le rehaussement \u00ab physiologique \u00bb de la glande mammaire potentiellement masquant<\/li>\n\n\n\n<li>Apportez avec vous votre dossier s\u00e9nologique avec votre pr\u00e9c\u00e9dente mammographie<\/li>\n\n\n\n<li>Une ordonnance vous aura \u00e9t\u00e9 transmise lors de la prise de rendez vous afin de vous munir du produit de contraste gadolin\u00e9<\/li>\n\n\n\n<li>Il n\u2019est pas n\u00e9cessaire d\u2019\u00eatre \u00e0 jeun mais il est pr\u00e9f\u00e9rable de limiter l\u2019ingestion d\u2019aliments dans l\u2019heure pr\u00e9c\u00e9dent l\u2019examen pour votre confort<\/li>\n<\/ul>\n\n\n\n<h2 class=\"wp-block-heading\">Consignes importantes<\/h2>\n\n\n\n<figure class=\"wp-block-video\"><video height=\"1080\" style=\"aspect-ratio: 1920 \/ 1080;\" width=\"1920\" controls src=\"https:\/\/imagerie78.com\/wp-content\/uploads\/2025\/10\/SFR-Consignes-IRM.mp4\"><\/video><\/figure>\n\n\n\n<h2 class=\"wp-block-heading\">Questions \/ r\u00e9ponses en IRM mammaire<\/h2>\n\n\n\n<p>&#8211; Pourquoi ne b\u00e9n\u00e9ficie-t-on pas d\u2019IRM mammaire de d\u00e9pistage en routine au vu de ses performances diagnostiques?<br>Le pendant de son excellente sensibilit\u00e9 est sa sp\u00e9cificit\u00e9 plus faible autrement dit l\u2019IRM mammaire d\u00e9tecte trop d\u2019anomalies menant \u00e0 des examens additionnels voire \u00e0 des biopsies pour des l\u00e9sions le plus souvent b\u00e9nignes.<br>Cet examen est prescrit dans le cadre d\u2019un d\u00e9pistage lorsqu\u2019une \u00e9valuation ontog\u00e9n\u00e9tique le recommande (ant\u00e9c\u00e9dents particuliers ou histoire familiale \u00e0 risque).<br>La mammographie reste l\u2019examen de d\u00e9pistage de r\u00e9f\u00e9rence dans la population g\u00e9n\u00e9rale.<\/p>\n\n\n\n<p>&#8211; J\u2019ai un ant\u00e9c\u00e9dent de cancer du sein , dois je r\u00e9aliser des IRM mammaires dans le cadre de ma surveillance annuelle?<br>Pas de mani\u00e8re syst\u00e9matique.<br>Les recommandations internationales s\u2019accordent pour un suivi annuel par mammographie et \u00e9chographie mammaire \u00e0 vie.<br>Une IRM mammaire compl\u00e9mentaire ponctuelle pourra compl\u00e9ter ce bilan \u00e0 la demande de votre radiologue.<br>Une IRM mammaire syst\u00e9matique compl\u00e9mentaire se justifiera au cas par cas , on citera par exemple : les patientes porteuses d\u2019une mutation g\u00e9n\u00e9tique les exposant \u00e0 un tr\u00e8s haut risque de cancer du sein, cancer initial d\u00e9tect\u00e9 uniquement en IRM, densit\u00e9 mammaire extr\u00eame rendant moindre les performances de la mammographie, survenue du cancer \u00e0 un \u00e2ge jeune .<\/p>\n\n\n\n<p>&#8211; Une IRM mammaire d\u00e9tecte &#8211; t &#8211; elle tous les cancers ?<br>Aucun test diagnostic n\u2019est parfait. Cette r\u00e8gle s\u2019applique \u00e9galement \u00e0 l\u2019IRM mammaire. Des cancers peuvent \u00eatre manqu\u00e9s, en particulier du fait d\u2019un rehaussement glandulaire masquant; c\u2019est pourquoi il est recommand\u00e9 de r\u00e9aliser cet examen entre le 7\u00e8me et le 12\u00e8me jour apr\u00e8s le premier jour des r\u00e8gles.<\/p>\n\n\n\n<p>&#8211; L\u2019IRM mammaire a-t-elle un int\u00e9r\u00eat dans l\u2019exploration des implants mammaires?<br>Oui.<br>L\u2019IRM mammaire avec r\u00e9alisation de s\u00e9quences sp\u00e9cifiques dites \u00ab siliconiques \u00bb ne n\u00e9cessitant pas d\u2019injection de produit de contraste gadolin\u00e9 est un excellent examen pour d\u00e9tecter une rupture ou une fuite de silicone par usure des parois de vos proth\u00e8ses mammaires.<\/p>\n\n\n\n<p>&#8211; Comment faire en cas de claustrophobie?<br>La claustrophobie vraie est rare. Le manipulateur prend le temps de vous rassurer et met \u00e0 votre disposition une sonnette permettant d\u2019interrompre l\u2019examen \u00e0 tout moment s\u2019il devient intol\u00e9rable.<br>N\u2019h\u00e9sitez pas \u00e0 demander un traitement anxiolytique ou l\u00e9g\u00e8rement s\u00e9datif \u00e0 votre m\u00e9decin que vous prendrez avant l\u2019examen.<\/p>\n\n\n\n<p>&#8211; Y a-t-il un risque li\u00e9 au champ magn\u00e9tique ?<br>Non.<br>Il n\u2019y a pas de risque li\u00e9 au champ magn\u00e9tique sur le fonctionnement de vos organes.<\/p>\n\n\n\n<p>Les contres indications li\u00e9es au champ magn\u00e9tique ont \u00e9t\u00e9 d\u00e9crites dans le paragraphe concern\u00e9. Un interrogatoire syst\u00e9matique par le manipulateur et un questionnaire d\u00e9taill\u00e9 des contre indications vous est remis en salle d\u2019attente avant l\u2019examen.<\/p>\n\n\n\n<p>&#8211; Y a t il un risque li\u00e9 \u00e0 l\u2019injection de produit de contraste gadolin\u00e9?<br>Des \u00e9tudes ont montr\u00e9 que de faible quantit\u00e9 de gadolinium sont retenues dans le tissu c\u00e9r\u00e9bral apr\u00e8s utilisation de certains produits de contraste \u00e0 base de gadolinium<br>Les diff\u00e9rentes autorit\u00e9s de la sant\u00e9 ont rappel\u00e9 qu\u2019aucun effet nocif n\u2019a \u00e9t\u00e9 identifi\u00e9 notamment aucune preuve de toxicit\u00e9 neurologique n\u2019a \u00e9t\u00e9 attribu\u00e9 \u00e0 un produit \u00e0 base de gadolinium.<br>Cette probl\u00e9matique concerne essentiellement certains produits de contraste dits lin\u00e9aires qui ont \u00e9t\u00e9 interdit et ne sont plus utilis\u00e9s.<br>Les produits de contraste que nous utilisons (macrocycliques, tel que le Dotarem\u00b0) restent disponibles et tr\u00e8s peu concern\u00e9s par cette probl\u00e9matique: le principe de pr\u00e9caution implique n\u00e9anmoins de peser les indications de l\u2019examen et de limiter la dose inject\u00e9e au minimum n\u00e9cessaire au diagnostic.<\/p>\n","protected":false},"excerpt":{"rendered":"<p>Une IRM mammaire est un examen de seconde intention qui [&hellip;]<\/p>\n","protected":false},"author":2,"featured_media":0,"parent":548,"menu_order":0,"comment_status":"closed","ping_status":"closed","template":"","meta":{"footnotes":""},"class_list":["post-2611","page","type-page","status-publish","hentry"],"yoast_head":"<!-- This site is optimized with the Yoast SEO plugin v27.3 - https:\/\/yoast.com\/product\/yoast-seo-wordpress\/ -->\n<title>IRM mammaire - Imagerie m\u00e9dicale 78<\/title>\n<meta name=\"robots\" content=\"index, follow, max-snippet:-1, max-image-preview:large, max-video-preview:-1\" \/>\n<link rel=\"canonical\" href=\"https:\/\/imagerie78.com\/index.php\/nos-examens\/irm-mammaire\/\" \/>\n<meta property=\"og:locale\" content=\"fr_FR\" \/>\n<meta property=\"og:type\" content=\"article\" \/>\n<meta property=\"og:title\" content=\"IRM mammaire - Imagerie m\u00e9dicale 78\" \/>\n<meta property=\"og:description\" content=\"Une IRM mammaire est un examen de seconde intention qui [&hellip;]\" \/>\n<meta property=\"og:url\" content=\"https:\/\/imagerie78.com\/index.php\/nos-examens\/irm-mammaire\/\" \/>\n<meta property=\"og:site_name\" content=\"Imagerie m\u00e9dicale 78\" \/>\n<meta property=\"article:modified_time\" content=\"2025-10-27T19:33:54+00:00\" \/>\n<meta property=\"og:image\" content=\"https:\/\/imagerie78.com\/wp-content\/uploads\/2016\/09\/logo.png\" \/>\n\t<meta property=\"og:image:width\" content=\"393\" \/>\n\t<meta property=\"og:image:height\" content=\"155\" \/>\n\t<meta property=\"og:image:type\" content=\"image\/png\" \/>\n<meta name=\"twitter:card\" content=\"summary_large_image\" \/>\n<meta name=\"twitter:label1\" content=\"Dur\u00e9e de lecture estim\u00e9e\" \/>\n\t<meta name=\"twitter:data1\" content=\"7 minutes\" \/>\n<script type=\"application\/ld+json\" class=\"yoast-schema-graph\">{\"@context\":\"https:\\\/\\\/schema.org\",\"@graph\":[{\"@type\":\"WebPage\",\"@id\":\"https:\\\/\\\/imagerie78.com\\\/index.php\\\/nos-examens\\\/irm-mammaire\\\/\",\"url\":\"https:\\\/\\\/imagerie78.com\\\/index.php\\\/nos-examens\\\/irm-mammaire\\\/\",\"name\":\"IRM mammaire - Imagerie m\u00e9dicale 78\",\"isPartOf\":{\"@id\":\"https:\\\/\\\/imagerie78.com\\\/#website\"},\"datePublished\":\"2022-12-06T22:25:52+00:00\",\"dateModified\":\"2025-10-27T19:33:54+00:00\",\"breadcrumb\":{\"@id\":\"https:\\\/\\\/imagerie78.com\\\/index.php\\\/nos-examens\\\/irm-mammaire\\\/#breadcrumb\"},\"inLanguage\":\"fr-FR\",\"potentialAction\":[{\"@type\":\"ReadAction\",\"target\":[\"https:\\\/\\\/imagerie78.com\\\/index.php\\\/nos-examens\\\/irm-mammaire\\\/\"]}]},{\"@type\":\"BreadcrumbList\",\"@id\":\"https:\\\/\\\/imagerie78.com\\\/index.php\\\/nos-examens\\\/irm-mammaire\\\/#breadcrumb\",\"itemListElement\":[{\"@type\":\"ListItem\",\"position\":1,\"name\":\"Accueil\",\"item\":\"https:\\\/\\\/imagerie78.com\\\/\"},{\"@type\":\"ListItem\",\"position\":2,\"name\":\"Nos examens\",\"item\":\"https:\\\/\\\/imagerie78.com\\\/index.php\\\/nos-examens\\\/\"},{\"@type\":\"ListItem\",\"position\":3,\"name\":\"IRM mammaire\"}]},{\"@type\":\"WebSite\",\"@id\":\"https:\\\/\\\/imagerie78.com\\\/#website\",\"url\":\"https:\\\/\\\/imagerie78.com\\\/\",\"name\":\"Imagerie m\u00e9dicale 78\",\"description\":\"\",\"potentialAction\":[{\"@type\":\"SearchAction\",\"target\":{\"@type\":\"EntryPoint\",\"urlTemplate\":\"https:\\\/\\\/imagerie78.com\\\/?s={search_term_string}\"},\"query-input\":{\"@type\":\"PropertyValueSpecification\",\"valueRequired\":true,\"valueName\":\"search_term_string\"}}],\"inLanguage\":\"fr-FR\"}]}<\/script>\n<!-- \/ Yoast SEO plugin. -->","yoast_head_json":{"title":"IRM mammaire - Imagerie m\u00e9dicale 78","robots":{"index":"index","follow":"follow","max-snippet":"max-snippet:-1","max-image-preview":"max-image-preview:large","max-video-preview":"max-video-preview:-1"},"canonical":"https:\/\/imagerie78.com\/index.php\/nos-examens\/irm-mammaire\/","og_locale":"fr_FR","og_type":"article","og_title":"IRM mammaire - Imagerie m\u00e9dicale 78","og_description":"Une IRM mammaire est un examen de seconde intention qui [&hellip;]","og_url":"https:\/\/imagerie78.com\/index.php\/nos-examens\/irm-mammaire\/","og_site_name":"Imagerie m\u00e9dicale 78","article_modified_time":"2025-10-27T19:33:54+00:00","og_image":[{"width":393,"height":155,"url":"https:\/\/imagerie78.com\/wp-content\/uploads\/2016\/09\/logo.png","type":"image\/png"}],"twitter_card":"summary_large_image","twitter_misc":{"Dur\u00e9e de lecture estim\u00e9e":"7 minutes"},"schema":{"@context":"https:\/\/schema.org","@graph":[{"@type":"WebPage","@id":"https:\/\/imagerie78.com\/index.php\/nos-examens\/irm-mammaire\/","url":"https:\/\/imagerie78.com\/index.php\/nos-examens\/irm-mammaire\/","name":"IRM mammaire - Imagerie m\u00e9dicale 78","isPartOf":{"@id":"https:\/\/imagerie78.com\/#website"},"datePublished":"2022-12-06T22:25:52+00:00","dateModified":"2025-10-27T19:33:54+00:00","breadcrumb":{"@id":"https:\/\/imagerie78.com\/index.php\/nos-examens\/irm-mammaire\/#breadcrumb"},"inLanguage":"fr-FR","potentialAction":[{"@type":"ReadAction","target":["https:\/\/imagerie78.com\/index.php\/nos-examens\/irm-mammaire\/"]}]},{"@type":"BreadcrumbList","@id":"https:\/\/imagerie78.com\/index.php\/nos-examens\/irm-mammaire\/#breadcrumb","itemListElement":[{"@type":"ListItem","position":1,"name":"Accueil","item":"https:\/\/imagerie78.com\/"},{"@type":"ListItem","position":2,"name":"Nos examens","item":"https:\/\/imagerie78.com\/index.php\/nos-examens\/"},{"@type":"ListItem","position":3,"name":"IRM mammaire"}]},{"@type":"WebSite","@id":"https:\/\/imagerie78.com\/#website","url":"https:\/\/imagerie78.com\/","name":"Imagerie m\u00e9dicale 78","description":"","potentialAction":[{"@type":"SearchAction","target":{"@type":"EntryPoint","urlTemplate":"https:\/\/imagerie78.com\/?s={search_term_string}"},"query-input":{"@type":"PropertyValueSpecification","valueRequired":true,"valueName":"search_term_string"}}],"inLanguage":"fr-FR"}]}},"_links":{"self":[{"href":"https:\/\/imagerie78.com\/index.php\/wp-json\/wp\/v2\/pages\/2611","targetHints":{"allow":["GET"]}}],"collection":[{"href":"https:\/\/imagerie78.com\/index.php\/wp-json\/wp\/v2\/pages"}],"about":[{"href":"https:\/\/imagerie78.com\/index.php\/wp-json\/wp\/v2\/types\/page"}],"author":[{"embeddable":true,"href":"https:\/\/imagerie78.com\/index.php\/wp-json\/wp\/v2\/users\/2"}],"replies":[{"embeddable":true,"href":"https:\/\/imagerie78.com\/index.php\/wp-json\/wp\/v2\/comments?post=2611"}],"version-history":[{"count":3,"href":"https:\/\/imagerie78.com\/index.php\/wp-json\/wp\/v2\/pages\/2611\/revisions"}],"predecessor-version":[{"id":3510,"href":"https:\/\/imagerie78.com\/index.php\/wp-json\/wp\/v2\/pages\/2611\/revisions\/3510"}],"up":[{"embeddable":true,"href":"https:\/\/imagerie78.com\/index.php\/wp-json\/wp\/v2\/pages\/548"}],"wp:attachment":[{"href":"https:\/\/imagerie78.com\/index.php\/wp-json\/wp\/v2\/media?parent=2611"}],"curies":[{"name":"wp","href":"https:\/\/api.w.org\/{rel}","templated":true}]}}